/(-4). Suppose 18 = -o*c + 3*c. Is c a prime number?
False
Let v = 2 - 0. Is 21*v/(-12)*-58 composite?
True
Suppose -4*s + v + 141 = -2*v, 2*s - v = 71. Suppose 4*m - 5*l - 34 = 0, 4*m - 5*l - s = -l. Is m a prime number?
True
Suppose 0 = -4*r - v + 1650, 0*r = -4*r - 3*v + 1646. Is r prime?
False
Suppose s = -0*s + 43. Let m = 19 - s. Let j = -11 - m. Is j a prime number?
True
Let i(o) = 0 + 4*o - o - 3 + o. Let y be i(2). Suppose -2*z = -5*l + 201, -z = y*l + 4*z - 180. Is l a composite number?
True
Let k = 187 + -60. Is k prime?
True
Let l(x) = -9*x - 5. Let q(c) = c**3 - 7*c**2 - 5. Let s be q(7). Let m(y) = -4*y - 3. Let h(w) = s*m(w) + 2*l(w). Is h(5) prime?
False
Suppose 9370 = -18*w + 35668. Is w a prime number?
False
Let x = -16 - -10. Suppose -4*i - 394 = -2398. Is 4/x - i/(-9) a composite number?
True
Suppose -5 = -5*b, v = -7*b + 2*b - 115. Let a(q) = -4*q**3 - 6*q**2 - 4*q - 3. Let x be a(-4). Let d = x + v. Is d composite?
False
Let u(w) = -26*w**3 + 4*w**2 + w + 3. Is u(-4) a prime number?
False
Let q be -296*((-3)/2 + 1). Suppose -4*h + q = -0*h. Is h a composite number?
False
Let j(o) = 4*o**3 - 4*o**2 + 4*o - 2. Suppose 2*t - 3*t = 3*b - 18, 2*t + 2*b = 20. Suppose 10 = -d + t*d. Is j(d) composite?
True
Suppose -903 + 123 = -4*g - 4*k, 0 = 2*g - 5*k - 383. Let h(d) = 2*d**3 - 3*d - 1. Let q be h(4). Let w = g - q. Is w composite?
False
Let n(x) = x**2 + x + 3. Is n(-6) a composite number?
True
Let z = -7 + 12. Let t = -4 - -8. Suppose -5*p - 37 = -3*q + q, -q - z*p - t = 0. Is q composite?
False
Suppose 5*y = -57 - 193. Is 2/((-6)/(-9)) - y composite?
False
Suppose 3 = -p, 3*i + p = 3*p + 762. Suppose v - 4*a - i = -17, 9 = -3*a. Is v a prime number?
True
Let g(c) = 0*c**2 + 2 + 11*c**2 + c**2 + 4*c + c**2. Is g(-5) prime?
True
Suppose 0*l - 4 = -2*l. Suppose 16 = 4*k, 3*i + l*k - 7*k = 49. Is i a prime number?
True
Let t = 8 - 5. Is -7*(4 - t)*-1 prime?
True
Let m(o) be the first derivative of o**7/840 - o**6/60 - o**5/40 - 7*o**4/24 - 2*o**3/3 + 1. Let c(b) be the third derivative of m(b). Is c(7) a prime number?
False
Let i be 0/1 + 0 - -22. Let g(z) = z**2 - z + 15. Let h be g(0). Suppose -t + h = -i. Is t a composite number?
False
Suppose -142 = -6*r + 4*r. Suppose -3*o = o, -c - o = -r. Is c prime?
True
Suppose -3*m = 7 + 5. Is (1516/2)/(m/(-2)) prime?
True
Let a(c) = 91*c + 16. Let t = -22 - -29. Is a(t) a composite number?
False
Suppose -3*u - 3*f - 893 = -2951, 0 = u - 4*f - 671. Is u prime?
True
Is (-8)/(-20) - (-2126)/10 a prime number?
False
Suppose -p + 115 = -128. Let o = 554 + p. Is o composite?
False
Let n = 2 + 4. Suppose 0 = -3*i + 18 - n. Suppose i*y - 81 - 179 = 0. Is y composite?
True
Suppose 4*i = 4*x - 16, 6*i - 3*i - x + 10 = 0. Let j = 3 + i. Is j - (4/(-2) + 0) composite?
False
Is 56 + 2 + 2 + -1 a prime number?
True
Let v be ((-3)/(-6))/(2/8). Suppose 0 = -p - v*p + 6. Suppose b = -p*l + 47, 50 = 4*l - b - 53. Is l prime?
False
Suppose -3*q - 3 = -0*q, -3*q = -3*m + 9. Suppose -m*z = 5*j - 131, 0 = -2*z + 4*z - 4*j - 86. Is z a prime number?
True
Let b = 2 - -1. Let h(g) = 3*g**2 - 3*g + 1. Is h(b) a composite number?
False
Let d = 8 - 5. Suppose -2*r + 3*j = -j + 114, -4*j - 181 = d*r. Let c = r + 94. Is c composite?
True
Suppose 0 = 3*q + 5*o + 1, 0 = -3*o - 3 - 3. Is 307*(6/q + -1) prime?
True
Let c(s) = 19 + 2*s + 7 - s. Is c(0) prime?
False
Let v = 7 + -4. Suppose -2*x + 3*d + 272 = -x, -v*x + 2*d = -781. Is x prime?
True
Let d = 62 + -8. Let b be 21*(1 + 0 + 0). Let q = d - b. Is q a prime number?
False
Suppose 7 + 14 = k. Is k a composite number?
True
Let w(h) = h**2 + 7*h - 13. Is w(10) a composite number?
False
Suppose -4*r + 2 = 3*b, 5*b - 4*r + r = 13. Suppose -h = 3*w - 40, 3*w - 22 = b*w + 4*h. Is w composite?
True
Let v(l) = l**3 + 4*l**2 - 4*l + 2. Let u(t) = t - 3. Let a be u(3). Suppose a = 4*q - 21 + 9. Is v(q) composite?
False
Let z be (6/12)/((-1)/(-8)). Suppose 5*x - 1849 = -2*r, 3*r = z*x - 2*r - 1499. Is x a prime number?
False
Let t = 12 + -10. Suppose i + 2*m - 4 = 0, -11 = -t*i + m - 3. Suppose i*p - 125 = 5*c - 37, 4*p = -c + 88. Is p a composite number?
True
Suppose -m + 6352 = 3*g, 4*g + 2*m = -3*m + 8451. Is g a prime number?
False
Let l(p) = p**2 + 6*p. Let z be l(-6). Suppose v = n - 2 - 70, z = -2*n + v + 146. Is n prime?
False
Suppose -3*o - 4*m = -653, 0*m = 4*o + 2*m - 864. Is o composite?
True
Let c(b) = 9*b**2 + b - 31. Let o(d) = 4*d**2 - 15. Let w(l) = 6*c(l) - 13*o(l). Suppose 2*f = -0*f - 16. Is w(f) a prime number?
True
Let x(r) = 4 + 4*r - 3 + 0*r + 16*r. Is x(6) prime?
False
Let s(v) = -v + 6. Let w be s(6). Is (1 - -1) + w - -159 a composite number?
True
Suppose -5*f - 12 - 23 = 0. Let o = f + 10. Is (-186)/o*(-2)/4 a composite number?
False
Suppose 0 = -2*p + 5*u - 31, -4*p = 3*u - 2*u + 73. Is 894/p*(-8 + 2) a prime number?
False
Let b = -241 - -14. Let f = -109 - b. Is f composite?
True
Suppose -7*a + 2*a + 20 = 0. Let d(n) be the second derivative of 2*n**3/3 - 5*n**2/2 + n. Is d(a) composite?
False
Let u(d) = 83*d - 3. Is u(2) composite?
False
Suppose -559 = -0*u - u. Suppose -4*r + 3*a = -754, 4*r + a - u = r. Is r composite?
True
Let p = 62 + -127. Let g = -13 + p. Is (1 - -1)/((-4)/g) prime?
False
Let g be 1/((-1876)/(-1878) + -1). Is g/(-6) - 1/(-2) prime?
True
Let d(b) = -b + 19. Is d(0) a prime number?
True
Suppose -3*r = -4*j - 0*r - 37, 4*r = 2*j + 26. Let g(x) = x**3 + 7*x**2 - 3*x - 2. Is g(j) composite?
False
Let f(w) = -3*w + 201. Is f(0) prime?
False
Suppose 5*l - 12 = 2*l. Suppose 2*b - 139 = r, -l*r + 119 = 2*b - r. Is b prime?
True
Suppose -4*y - 187 = -5943. Is y a composite number?
False
Is 1484/4*(6 - 5) prime?
False
Let c = 7 - 6. Let j be (1 - 723) + (c - -1). Is (-2)/(j/(-363) + -2) composite?
True
Suppose 2*w = 4*r - 10, -2*w + 5 = -5*r + 20. Suppose -w*j = -0*j - 275. Is j a prime number?
False
Let a(i) = 9*i**3 - 3*i**2 + i. Let t be a(2). Suppose 172 - t = 2*x. Is x a composite number?
True
Let v be -10*(0 + (-37)/1). Is v - 1*(-4 - -3) a composite number?
True
Let j = -261 + 799. Let l = -305 + j. Is l a prime number?
True
Let i(r) = -r + 3. Let d be i(-8). Let s = 9 - d. Let g = s + 129. Is g a prime number?
True
Let j be 52/6 + (-8)/12. Suppose -s = 3*s - j. Suppose 3*a - 149 = -5*d, -s*d + 131 = 2*a + 37. Is a a composite number?
False
Let t be 34 - 0*(-2)/(-6). Let z(w) = 5*w**2 + w - 1. Let f be z(1). Suppose -139 = -f*y - t. Is y a composite number?
True
Let f(n) = n**2 + 5*n. Let c be f(-3). Let y(r) = 2*r**2 - 2*r + 3. Is y(c) a prime number?
False
Let n = -660 - -1405. Is n composite?
True
Let m be (-8)/(-3) + 3/9. Let w(r) = 2*r**3 + 3*r + 2*r**2 + 1 - 2 + m*r - 4*r. Is w(3) a prime number?
False
Let b = -5 - -8. Let d = -47 - -121. Suppose -b*c + d = -175. Is c prime?
True
Let b(n) = n**2 + 149. Suppose 0 = -5*u - 2*i + 10, -u + 0*i - 5 = -i. Is b(u) prime?
True
Let z = -410 - -628. Is z a prime number?
False
Let k(g) = 16*g**2 + g - 6. Is k(4) a composite number?
True
Suppose -2*o = 2, -450 = -3*f + o + 2*o. Is f a composite number?
False
Suppose -51 = -x + 12. Suppose 0 = 3*f - 0*f - x. Let a = -14 + f. Is a a composite number?
False
Suppose -137 = -4*i + 291. Let l = -70 + i. Is l a composite number?
False
Let i(a) = 0*a**3 - 4*a + 3*a**2 + 3*a + 8 - a**3 + 3*a**2. Let j be i(6). Suppose -5*l = -j*u + 33, -93 = u - 6*u + 2*l. Is u a composite number?
False
Is (-8400)/(-12) - 2/(-2) a prime number?
True
Let u be 250 + 4*(-3)/6. Suppose -z + u = 37. Is z a prime number?
True
Suppose -4*h + 5*z - 44 = 0, 2*h + 14 = 3*z - 10. Is (h - 2)/(-4) - -23 a composite number?
True
Suppose 2*f = 5*f - 195. Suppose -3*m + f = -2*u, -m + u = -22 - 1. Suppose m - 58 = -y. Is y composite?
True
Is 1514 - (4/(-4))/(-1) composite?
True
Let y = 2 - 11. Let u be 2/3*(315 + y). Suppose -3*a + u = -435. Is a prime?
False
Let m(f) = f**2 - 10*f + 13. Suppose 4*r = 7*r - 36. Is m(r) a composite number?
False
Suppose -9*u + 10*u = 1621. Is u a composite number?
False
Suppose -4*q - 20 = 0, -4*t - 2*q + 59 = -5*q. Let d = t + 44. Is d composite?
True
Let z(i) = -3*i + 4. Let p(x) = -5*x + 6. Let v(q) = 5*p(q) - 8*z(q). Let r be v(-6). Is 2/1 - (-500)/r composite?
False
Let x(g) be the first derivative of g**3/3 - 5*g**2/2 + 9*g + 3.